6 - 46?
-37a5bc
In base 2, what is 111110100101111101 - -101001101110?
111111001111101011
In base 6, what is -135420143 + -2?
-135420145
In base 11, what is -22 + -77470?
-77492
In base 15, what is 63529a80 - -3?
63529a83
In base 5, what is -111310031 + -20?
-111310101
In base 4, what is -121020130130 + 121?
-121020130003
In base 3, what is 101012220 - 110021?
100202122
In base 12, what is 2b487 + 2811?
32098
In base 7, what is -5132462 - 4?
-5132466
In base 14, what is 7dbbd + -7?
7dbb6
In base 7, what is -1 - -21151036?
21151035
In base 12, what is 19 - 3497606?
-34975a9
In base 4, what is -3 + 121311112312?
121311112303
In base 9, what is 1061 + -4743?
-3672
In base 11, what is -6 + -38a7373a?
-38a73745
In base 7, what is -1616 - -13246?
11330
In base 11, what is -5 + 2021820?
2021816
In base 6, what is 121 - 22404224?
-22404103
In base 8, what is 125606435 - 0?
125606435
In base 12, what is -1 + 58300a6?
58300a5
In base 5, what is -12 - -23112232?
23112220
In base 7, what is 134521424 - 2?
134521422
In base 4, what is -1021 + -13233010?
-13300031
In base 14, what is 92b - -21398?
21cc5
In base 10, what is -343824 + -9?
-343833
In base 9, what is 23865441 + 4?
23865445
In base 9, what is -7806 - -3434?
-4362
In base 16, what is 9 + 1cc2af?
1cc2b8
In base 14, what is 2239 + -1c9a?
37d
In base 10, what is 38309860 - -4?
38309864
In base 2, what is -11000000010011010101 + 1100100?
-11000000010001110001
In base 14, what is 32 + -1db64a?
-1db618
In base 2, what is -1100101000101100 - 111110111111?
-1101100111101011
In base 13, what is 7 + 7147a4c?
7147a56
In base 16, what is 28c2 + 4e?
2910
In base 9, what is 1638783 + 2?
1638785
In base 8, what is -204 + 450020?
447614
In base 16, what is 3 + -15089de?
-15089db
In base 10, what is -130101 - 349?
-130450
In base 3, what is -1210 + 220210012221?
220210011011
In base 15, what is -7725 + -9d8?
-820d
In base 10, what is 12383489 + -1?
12383488
In base 9, what is -4 + 36128387?
36128383
In base 10, what is -3432591 + -14?
-3432605
In base 4, what is 132030220 + -12?
132030202
In base 5, what is 4 - -10402011014?
10402011023
In base 12, what is -12a9a51a7 - 0?
-12a9a51a7
In base 4, what is -2030 - -2211112?
2203022
In base 8, what is 4 + -4103730?
-4103724
In base 5, what is -1000 + 33140?
32140
In base 3, what is -20112101102211022 - -10?
-20112101102211012
In base 14, what is -5c8c + -b4?
-5d62
In base 14, what is 1c297 + -1b2?
1c0c5
In base 12, what is -11749863 - 11?
-11749874
In base 7, what is 20561 + -4002?
13556
In base 13, what is -c65ccc - 2?
-c66001
In base 7, what is -632355 + 1511?
-630544
In base 3, what is -21202122011011 - 12?
-21202122011100
In base 11, what is -1 - -11149611?
11149610
In base 8, what is 111430 - -15745?
127375
In base 10, what is 780 - -14?
794
In base 16, what is 270bd + -13?
270aa
In base 6, what is 1 - -52400350?
52400351
In base 9, what is 277346 + -503?
276743
In base 10, what is -61 - -16690227?
16690166
In base 9, what is 1722 + -550?
1162
In base 5, what is 4133 - -133010?
142143
In base 13, what is 4ba957 - -2?
4ba959
In base 4, what is -313023103000 - 3?
-313023103003
In base 6, what is 1443510315 + 4?
1443510323
In base 16, what is 1960d52 + 0?
1960d52
In base 16, what is -5 + -367468?
-36746d
In base 9, what is -570113 - 474?
-570587
In base 8, what is -4 - 674345143?
-674345147
In base 8, what is -24055446 - 36?
-24055504
In base 4, what is -1313 - -1310131301?
1310123322
In base 15, what is -21928 + 7?
-21921
In base 9, what is 784 - 202602?
-201707
In base 10, what is 1527283 + -5?
1527278
In base 7, what is -3460 + 1020220?
1013430
In base 12, what is 1665 + -3a17?
-2372
In base 5, what is -3411000203 + 1?
-3411000202
In base 4, what is 2 - 130001032?
-130001030
In base 16, what is 1b - -d07ac?
d07c7
In base 13, what is 4ccb1a + 9?
4ccb26
In base 12, what is -100535 - -164?
-100391
In base 10, what is 29956 - -1071?
31027
In base 2, what is -10 - 10011010000001011010101101010?
-10011010000001011010101101100
In base 16, what is -cdce132 + -2?
-cdce134
In base 15, what is 4 - 5bd646?
-5bd642
In base 10, what is 3 + 1777772?
1777775
In base 9, what is 253 - -853510?
853763
In base 12, what is -4b60b709 + -4?
-4b60b711
In base 2, what is 101101011101110101001010001011 + -10?
101101011101110101001010001001
In base 9, what is -155345 + -841?
-156286
In base 9, what is 18 + 1101236?
1101255
In base 13, what is -11caa5 + -3?
-11caa8
In base 6, what is -4 - -455314520?
455314512
In base 9, what is -6 + -20347?
-20354
In base 6, what is 21 - 25303?
-25242
In base 4, what is 11 - -1330020231032?
1330020231103
In base 5, what is 4 - 1240102122?
-1240102113
In base 2, what is -11011000 + 111110010010100101?
111110001111001101
In base 6, what is 12555 + -152125?
-135130
In base 5, what is -411 + 241023?
240112
In base 2, what is -110100000000 + -10001110000101?
-11000010000101
In base 12, what is -1275406 + -2?
-1275408
In base 5, what is -112024033103 + 4?
-112024033044
In base 5, what is -134402 + -21041?
-210443
In base 15, what is -1 + -7da37c?
-7da37d
In base 8, what is -221444 - 612?
-222256
In base 13, what is -21c5 - 872cc?
-894c4
In base 12, what is 6567b + -b7?
65584
In base 16, what is -a79 - -172?
-907
In base 11, what is -5 - 2855554?
-2855559
In base 10, what is 32908 - -281?
33189
In base 12, what is -17 + 164266?
16424b
In base 5, what is -44 + -223124013?
-223124112
In base 2, what is -11 + 10110000000101?
10110000000010
In base 14, what is -2632 - 9c53?
-c485
In base 9, what is -14252 + 28165?
13813
In base 2, what is -101 - 101010111101011110000101?
-101010111101011110001010
In base 9, what is -123 - -4165866?
4165743
In base 13, what is -7 + -3656b6?
-3656c0
In base 14, what is 2704 - -5310?
7a14
In base 3, what is 20 + -10020112002011?
-10020112001221
In base 14, what is -d589 + -332?
-d8bb
In base 7, what is 214135664 + -5?
214135656
In base 7, what is 1630110 + 1132?
1631242
In base 13, what is c67686 + -28?
c6765b
In base 16, what is 221d7 - -9?
221e0
In base 4, what is 112103 + 3011?
121120
In base 7, what is -33264 + -3650?
-40244
In base 13, what is 3154 + -78?
30a9
In base 2, what is 100101011001001000001011011001 - 101?
100101011001001000001011010100
In base 9, what is -7432 - -143?
-7278
In base 4, what is 2 - -10121110122?
10121110130
In base 3, what is 20001 + 1100101020?
1100121021
In base 2, what is 1111 - -11011100100100011000100?
11011100100100011010011
In base 2, what is 100110011001110 + -10000110001001?
10101101000101
In base 2, what is 101111110101000001110011101110 - 0?
101111110101000001110011101110
In base 7, what is -65 + -14254552?
-14254650
In base 8, what is 527 - 1014572?
-1014043
In base 13, what is -647c5 + -1b83?
-66678
In base 8, what is -344 - 57255?
-57621
In base 16, what is 1f338 + 3a5?
1f6dd
In base 5, what is -2 + -111143012333?
-111143012340
In base 2, what is -11100101001011011111111 - 100?
-11100101001011100000011
In base 15, what is dc - -cba2?
cc8e
In base 14, what is -978a3b + 2?
-978a39
In base 6, what is 1045452 - 412?
1045040
In base 3, what is 10 - 1022022010012221?
-1022022010012211
In base 10, what is -201 - 6310?
-6511
In base 8, what is 556262 - -455?
556737
In base 11, what is 6a - a2a56?
-a2997
In base 9, what is -5 + -10516642?
-10516647
In base 13, what is -139122cc + 5?
-139122c7
In base 4, what is 1 + -13110133213?
-13110133212
In base 16, what is -6dc + 7d3?
f7
In base 2, what is 0 + -1001001110100110010110010001?
-1001001110100110010110010001
In base 4, what is -232112 - 210130?
-1102302
In base 14, what is -22 + d1081?
d105d
In base 8, what is 14 - -1547747?
1547763
In base 3, what is 11002222201 + 120211?
11010120112
In base 7, what is -2323266115 - 3?
-2323266121
In base 8, what is -1276 + 767372?
766074
In base 15, what is -d - 75247?
-75255
In base 16, what is 25a834 + 2c?
25a860
In base 12, what is 5 - -12047a88?
12047a91
In base 14, what is 10 + -413126?
-413116
In base 5, what is -1201244332 - 10?
-1201244342
In base 4, what is 100002 - 2232212?
-2132210
In base 13, what is 47 - 766b5?
-7666b
In base 3, what is -22100201021 - 1221?
-22100210012
In base 14, what is -44 + 139c8da?
139c896
In base 7, what is -42430 - -44040?
1310
In base 3, what is 22 - -12202012002200220?
122